{"id":2833,"date":"2017-11-16T08:02:07","date_gmt":"2017-11-16T08:02:07","guid":{"rendered":"https:\/\/www.trajessenor.com\/privacitat-i-termes-legals\/"},"modified":"2022-10-25T12:42:32","modified_gmt":"2022-10-25T10:42:32","slug":"privacidad-y-terminos-legales","status":"publish","type":"page","link":"https:\/\/trajessenor.com\/es\/privacidad-y-terminos-legales\/","title":{"rendered":"Privacidad y t\u00e9rminos legales"},"content":{"rendered":"<div class=\"wpb-content-wrapper\"><p>[vc_row css_animation=&#8221;&#8221; row_type=&#8221;row&#8221; use_row_as_full_screen_section=&#8221;no&#8221; type=&#8221;full_width&#8221; angled_section=&#8221;no&#8221; text_align=&#8221;left&#8221; background_image_as_pattern=&#8221;without_pattern&#8221; css=&#8221;.vc_custom_1499854111563{margin-bottom: 60px !important;padding-top: 20px !important;padding-bottom: 20px !important;background-color: #002b44 !important;}&#8221;][vc_column][vc_column_text]<\/p>\n<h1 style=\"text-align: center;\"><span style=\"color: #ffffff;\">PRIVACIDAD Y T\u00c9RMINOS LEGALES<br \/>\n<\/span><\/h1>\n<p>[\/vc_column_text][\/vc_column][\/vc_row][vc_row css_animation=&#8221;&#8221; row_type=&#8221;row&#8221; use_row_as_full_screen_section=&#8221;no&#8221; type=&#8221;grid&#8221; angled_section=&#8221;no&#8221; text_align=&#8221;left&#8221; background_image_as_pattern=&#8221;without_pattern&#8221; css=&#8221;.vc_custom_1499854159049{margin-bottom: 60px !important;}&#8221;][vc_column width=&#8221;1\/6&#8243;][\/vc_column][vc_column width=&#8221;2\/3&#8243;][vc_column_text el_class=&#8221;legal&#8221;]<\/p>\n<h2>TITULARIDAD DE LA P\u00c1GINA WEB<\/h2>\n<p>Cumpliendo con la Ley 34\/2002, de 11 de julio, de Servicios de la Sociedad de la Informaci\u00f3n y del Comercio Electr\u00f3nico, le informamos de que la p\u00e1gina web <em>www.trajesse\u00f1or.com<\/em> es titularidad de la empresa SE\u00d1OR, con los datos registrales siguientes:<\/p>\n<p>&nbsp;<\/p>\n<p>SE\u00d1OR 1961, SL<br \/>\nSant Joan Baptista de La Salle, 30<br \/>\n08241 Manresa (Barcelona)<br \/>\nT. (+34) 93 872 73 95<br \/>\nF. (+34) 93 827 05 78<\/p>\n<p>&nbsp;<\/p>\n<p>Inscrita en el Registro Mercantil de Barcelona. Volumen 32997. P\u00e1gina 106. Hoja B219381.<br \/>\nCIF: B62351671.<\/p>\n<p>&nbsp;<\/p>\n<h2>PROTECCI\u00d3N DE LA INFORMACI\u00d3N<\/h2>\n<p>La informaci\u00f3n, textos e im\u00e1genes que aparecen en la p\u00e1gina web son de titularidad exclusiva de SE\u00d1OR y no pueden ser utilizados con fines comerciales sin el consentimiento expl\u00edcito de la empresa.<\/p>\n<p>Del mismo modo, los signos distintivos y\/o las marcas de SE\u00d1OR, SE\u00d1OR CLASS y SE\u00d1OR COLECCI\u00d3N CEREMONIA est\u00e1n debidamente registrados y protegidos por la legislaci\u00f3n nacional y son de propiedad exclusiva de los titulares.[\/vc_column_text][\/vc_column][vc_column width=&#8221;1\/6&#8243;][\/vc_column][\/vc_row]<\/p>\n<\/div>","protected":false},"excerpt":{"rendered":"<p>[vc_row css_animation=&#8221;&#8221; row_type=&#8221;row&#8221; use_row_as_full_screen_section=&#8221;no&#8221; type=&#8221;full_width&#8221; angled_section=&#8221;no&#8221; text_align=&#8221;left&#8221; background_image_as_pattern=&#8221;without_pattern&#8221; css=&#8221;.vc_custom_1499854111563{margin-bottom: 60px !important;padding-top: 20px !important;padding-bottom: 20px !important;background-color: #002b44 !important;}&#8221;][vc_column][vc_column_text] PRIVACIDAD Y T\u00c9RMINOS LEGALES [\/vc_column_text][\/vc_column][\/vc_row][vc_row css_animation=&#8221;&#8221; row_type=&#8221;row&#8221; use_row_as_full_screen_section=&#8221;no&#8221; type=&#8221;grid&#8221; angled_section=&#8221;no&#8221; text_align=&#8221;left&#8221; background_image_as_pattern=&#8221;without_pattern&#8221; css=&#8221;.vc_custom_1499854159049{margin-bottom: 60px !important;}&#8221;][vc_column width=&#8221;1\/6&#8243;][\/vc_column][vc_column width=&#8221;2\/3&#8243;][vc_column_text el_class=&#8221;legal&#8221;] TITULARIDAD DE LA P\u00c1GINA WEB Cumpliendo con la Ley 34\/2002,&#8230;<\/p>\n","protected":false},"author":2,"featured_media":0,"parent":0,"menu_order":0,"comment_status":"closed","ping_status":"closed","template":"full_width.php","meta":{"footnotes":""},"class_list":["post-2833","page","type-page","status-publish","hentry"],"yoast_head":"<!-- This site is optimized with the Yoast SEO plugin v27.4 - https:\/\/yoast.com\/product\/yoast-seo-wordpress\/ -->\n<title>Privacidad y t\u00e9rminos legales - Se\u00f1or - Vestits a mida per a home<\/title>\n<meta name=\"robots\" content=\"index, follow, max-snippet:-1, max-image-preview:large, max-video-preview:-1\" \/>\n<link rel=\"canonical\" href=\"https:\/\/trajessenor.com\/es\/privacidad-y-terminos-legales\/\" \/>\n<meta property=\"og:locale\" content=\"es_ES\" \/>\n<meta property=\"og:type\" content=\"article\" \/>\n<meta property=\"og:title\" content=\"Privacidad y t\u00e9rminos legales - Se\u00f1or - Vestits a mida per a home\" \/>\n<meta property=\"og:description\" content=\"[vc_row css_animation=&#8221;&#8221; row_type=&#8221;row&#8221; use_row_as_full_screen_section=&#8221;no&#8221; type=&#8221;full_width&#8221; angled_section=&#8221;no&#8221; text_align=&#8221;left&#8221; background_image_as_pattern=&#8221;without_pattern&#8221; css=&#8221;.vc_custom_1499854111563{margin-bottom: 60px !important;padding-top: 20px !important;padding-bottom: 20px !important;background-color: #002b44 !important;}&#8221;][vc_column][vc_column_text] PRIVACIDAD Y T\u00c9RMINOS LEGALES [\/vc_column_text][\/vc_column][\/vc_row][vc_row css_animation=&#8221;&#8221; row_type=&#8221;row&#8221; use_row_as_full_screen_section=&#8221;no&#8221; type=&#8221;grid&#8221; angled_section=&#8221;no&#8221; text_align=&#8221;left&#8221; background_image_as_pattern=&#8221;without_pattern&#8221; css=&#8221;.vc_custom_1499854159049{margin-bottom: 60px !important;}&#8221;][vc_column width=&#8221;1\/6&#8243;][\/vc_column][vc_column width=&#8221;2\/3&#8243;][vc_column_text el_class=&#8221;legal&#8221;] TITULARIDAD DE LA P\u00c1GINA WEB Cumpliendo con la Ley 34\/2002,...\" \/>\n<meta property=\"og:url\" content=\"https:\/\/trajessenor.com\/es\/privacidad-y-terminos-legales\/\" \/>\n<meta property=\"og:site_name\" content=\"Se\u00f1or - Vestits a mida per a home\" \/>\n<meta property=\"article:modified_time\" content=\"2022-10-25T10:42:32+00:00\" \/>\n<meta name=\"twitter:card\" content=\"summary_large_image\" \/>\n<meta name=\"twitter:label1\" content=\"Tiempo de lectura\" \/>\n\t<meta name=\"twitter:data1\" content=\"1 minuto\" \/>\n<script type=\"application\/ld+json\" class=\"yoast-schema-graph\">{\"@context\":\"https:\\\/\\\/schema.org\",\"@graph\":[{\"@type\":\"WebPage\",\"@id\":\"https:\\\/\\\/trajessenor.com\\\/es\\\/privacidad-y-terminos-legales\\\/\",\"url\":\"https:\\\/\\\/trajessenor.com\\\/es\\\/privacidad-y-terminos-legales\\\/\",\"name\":\"Privacidad y t\u00e9rminos legales - Se\u00f1or - Vestits a mida per a home\",\"isPartOf\":{\"@id\":\"https:\\\/\\\/trajessenor.com\\\/es\\\/#website\"},\"datePublished\":\"2017-11-16T08:02:07+00:00\",\"dateModified\":\"2022-10-25T10:42:32+00:00\",\"breadcrumb\":{\"@id\":\"https:\\\/\\\/trajessenor.com\\\/es\\\/privacidad-y-terminos-legales\\\/#breadcrumb\"},\"inLanguage\":\"es\",\"potentialAction\":[{\"@type\":\"ReadAction\",\"target\":[\"https:\\\/\\\/trajessenor.com\\\/es\\\/privacidad-y-terminos-legales\\\/\"]}]},{\"@type\":\"BreadcrumbList\",\"@id\":\"https:\\\/\\\/trajessenor.com\\\/es\\\/privacidad-y-terminos-legales\\\/#breadcrumb\",\"itemListElement\":[{\"@type\":\"ListItem\",\"position\":1,\"name\":\"Inici\",\"item\":\"https:\\\/\\\/trajessenor.com\\\/es\\\/\"},{\"@type\":\"ListItem\",\"position\":2,\"name\":\"Privacidad y t\u00e9rminos legales\"}]},{\"@type\":\"WebSite\",\"@id\":\"https:\\\/\\\/trajessenor.com\\\/es\\\/#website\",\"url\":\"https:\\\/\\\/trajessenor.com\\\/es\\\/\",\"name\":\"Se\u00f1or - Vestits a mida per a home\",\"description\":\"Viste a medida\",\"publisher\":{\"@id\":\"https:\\\/\\\/trajessenor.com\\\/es\\\/#organization\"},\"potentialAction\":[{\"@type\":\"SearchAction\",\"target\":{\"@type\":\"EntryPoint\",\"urlTemplate\":\"https:\\\/\\\/trajessenor.com\\\/es\\\/?s={search_term_string}\"},\"query-input\":{\"@type\":\"PropertyValueSpecification\",\"valueRequired\":true,\"valueName\":\"search_term_string\"}}],\"inLanguage\":\"es\"},{\"@type\":\"Organization\",\"@id\":\"https:\\\/\\\/trajessenor.com\\\/es\\\/#organization\",\"name\":\"Trajes Se\u00f1or\",\"url\":\"https:\\\/\\\/trajessenor.com\\\/es\\\/\",\"logo\":{\"@type\":\"ImageObject\",\"inLanguage\":\"es\",\"@id\":\"https:\\\/\\\/trajessenor.com\\\/es\\\/#\\\/schema\\\/logo\\\/image\\\/\",\"url\":\"https:\\\/\\\/trajessenor.com\\\/wp-content\\\/uploads\\\/2021\\\/01\\\/logo-senor-600px.jpg\",\"contentUrl\":\"https:\\\/\\\/trajessenor.com\\\/wp-content\\\/uploads\\\/2021\\\/01\\\/logo-senor-600px.jpg\",\"width\":600,\"height\":304,\"caption\":\"Trajes Se\u00f1or\"},\"image\":{\"@id\":\"https:\\\/\\\/trajessenor.com\\\/es\\\/#\\\/schema\\\/logo\\\/image\\\/\"}}]}<\/script>\n<!-- \/ Yoast SEO plugin. -->","yoast_head_json":{"title":"Privacidad y t\u00e9rminos legales - Se\u00f1or - Vestits a mida per a home","robots":{"index":"index","follow":"follow","max-snippet":"max-snippet:-1","max-image-preview":"max-image-preview:large","max-video-preview":"max-video-preview:-1"},"canonical":"https:\/\/trajessenor.com\/es\/privacidad-y-terminos-legales\/","og_locale":"es_ES","og_type":"article","og_title":"Privacidad y t\u00e9rminos legales - Se\u00f1or - Vestits a mida per a home","og_description":"[vc_row css_animation=&#8221;&#8221; row_type=&#8221;row&#8221; use_row_as_full_screen_section=&#8221;no&#8221; type=&#8221;full_width&#8221; angled_section=&#8221;no&#8221; text_align=&#8221;left&#8221; background_image_as_pattern=&#8221;without_pattern&#8221; css=&#8221;.vc_custom_1499854111563{margin-bottom: 60px !important;padding-top: 20px !important;padding-bottom: 20px !important;background-color: #002b44 !important;}&#8221;][vc_column][vc_column_text] PRIVACIDAD Y T\u00c9RMINOS LEGALES [\/vc_column_text][\/vc_column][\/vc_row][vc_row css_animation=&#8221;&#8221; row_type=&#8221;row&#8221; use_row_as_full_screen_section=&#8221;no&#8221; type=&#8221;grid&#8221; angled_section=&#8221;no&#8221; text_align=&#8221;left&#8221; background_image_as_pattern=&#8221;without_pattern&#8221; css=&#8221;.vc_custom_1499854159049{margin-bottom: 60px !important;}&#8221;][vc_column width=&#8221;1\/6&#8243;][\/vc_column][vc_column width=&#8221;2\/3&#8243;][vc_column_text el_class=&#8221;legal&#8221;] TITULARIDAD DE LA P\u00c1GINA WEB Cumpliendo con la Ley 34\/2002,...","og_url":"https:\/\/trajessenor.com\/es\/privacidad-y-terminos-legales\/","og_site_name":"Se\u00f1or - Vestits a mida per a home","article_modified_time":"2022-10-25T10:42:32+00:00","twitter_card":"summary_large_image","twitter_misc":{"Tiempo de lectura":"1 minuto"},"schema":{"@context":"https:\/\/schema.org","@graph":[{"@type":"WebPage","@id":"https:\/\/trajessenor.com\/es\/privacidad-y-terminos-legales\/","url":"https:\/\/trajessenor.com\/es\/privacidad-y-terminos-legales\/","name":"Privacidad y t\u00e9rminos legales - Se\u00f1or - Vestits a mida per a home","isPartOf":{"@id":"https:\/\/trajessenor.com\/es\/#website"},"datePublished":"2017-11-16T08:02:07+00:00","dateModified":"2022-10-25T10:42:32+00:00","breadcrumb":{"@id":"https:\/\/trajessenor.com\/es\/privacidad-y-terminos-legales\/#breadcrumb"},"inLanguage":"es","potentialAction":[{"@type":"ReadAction","target":["https:\/\/trajessenor.com\/es\/privacidad-y-terminos-legales\/"]}]},{"@type":"BreadcrumbList","@id":"https:\/\/trajessenor.com\/es\/privacidad-y-terminos-legales\/#breadcrumb","itemListElement":[{"@type":"ListItem","position":1,"name":"Inici","item":"https:\/\/trajessenor.com\/es\/"},{"@type":"ListItem","position":2,"name":"Privacidad y t\u00e9rminos legales"}]},{"@type":"WebSite","@id":"https:\/\/trajessenor.com\/es\/#website","url":"https:\/\/trajessenor.com\/es\/","name":"Se\u00f1or - Vestits a mida per a home","description":"Viste a medida","publisher":{"@id":"https:\/\/trajessenor.com\/es\/#organization"},"potentialAction":[{"@type":"SearchAction","target":{"@type":"EntryPoint","urlTemplate":"https:\/\/trajessenor.com\/es\/?s={search_term_string}"},"query-input":{"@type":"PropertyValueSpecification","valueRequired":true,"valueName":"search_term_string"}}],"inLanguage":"es"},{"@type":"Organization","@id":"https:\/\/trajessenor.com\/es\/#organization","name":"Trajes Se\u00f1or","url":"https:\/\/trajessenor.com\/es\/","logo":{"@type":"ImageObject","inLanguage":"es","@id":"https:\/\/trajessenor.com\/es\/#\/schema\/logo\/image\/","url":"https:\/\/trajessenor.com\/wp-content\/uploads\/2021\/01\/logo-senor-600px.jpg","contentUrl":"https:\/\/trajessenor.com\/wp-content\/uploads\/2021\/01\/logo-senor-600px.jpg","width":600,"height":304,"caption":"Trajes Se\u00f1or"},"image":{"@id":"https:\/\/trajessenor.com\/es\/#\/schema\/logo\/image\/"}}]}},"_links":{"self":[{"href":"https:\/\/trajessenor.com\/es\/wp-json\/wp\/v2\/pages\/2833","targetHints":{"allow":["GET"]}}],"collection":[{"href":"https:\/\/trajessenor.com\/es\/wp-json\/wp\/v2\/pages"}],"about":[{"href":"https:\/\/trajessenor.com\/es\/wp-json\/wp\/v2\/types\/page"}],"author":[{"embeddable":true,"href":"https:\/\/trajessenor.com\/es\/wp-json\/wp\/v2\/users\/2"}],"replies":[{"embeddable":true,"href":"https:\/\/trajessenor.com\/es\/wp-json\/wp\/v2\/comments?post=2833"}],"version-history":[{"count":0,"href":"https:\/\/trajessenor.com\/es\/wp-json\/wp\/v2\/pages\/2833\/revisions"}],"wp:attachment":[{"href":"https:\/\/trajessenor.com\/es\/wp-json\/wp\/v2\/media?parent=2833"}],"curies":[{"name":"wp","href":"https:\/\/api.w.org\/{rel}","templated":true}]}}

Privacidad y términos legales

<div class="wpb-content-wrapper"><p>[vc_row css_animation=&#8221;&#8221; row_type=&#8221;row&#8221; use_row_as_full_screen_section=&#8221;no&#8221; type=&#8221;full_width&#8221; angled_section=&#8221;no&#8221; text_align=&#8221;left&#8221; background_image_as_pattern=&#8221;without_pattern&#8221; css=&#8221;.vc_custom_1499854111563{margin-bottom: 60px !important;padding-top: 20px !important;padding-bottom: 20px !important;background-color: #002b44 !important;}&#8221;][vc_column][vc_column_text]</p>
<h1 style="text-align: center;"><span style="color: #ffffff;">PRIVACIDAD Y TÉRMINOS LEGALES<br />
</span></h1>
<p>[/vc_column_text][/vc_column][/vc_row][vc_row css_animation=&#8221;&#8221; row_type=&#8221;row&#8221; use_row_as_full_screen_section=&#8221;no&#8221; type=&#8221;grid&#8221; angled_section=&#8221;no&#8221; text_align=&#8221;left&#8221; background_image_as_pattern=&#8221;without_pattern&#8221; css=&#8221;.vc_custom_1499854159049{margin-bottom: 60px !important;}&#8221;][vc_column width=&#8221;1/6&#8243;][/vc_column][vc_column width=&#8221;2/3&#8243;][vc_column_text el_class=&#8221;legal&#8221;]</p>
<h2>TITULARIDAD DE LA PÁGINA WEB</h2>
<p>Cumpliendo con la Ley 34/2002, de 11 de julio, de Servicios de la Sociedad de la Información y del Comercio Electrónico, le informamos de que la página web <em>www.trajesseñor.com</em> es titularidad de la empresa SEÑOR, con los datos registrales siguientes:</p>
<p>&nbsp;</p>
<p>SEÑOR 1961, SL<br />
Sant Joan Baptista de La Salle, 30<br />
08241 Manresa (Barcelona)<br />
T. (+34) 93 872 73 95<br />
F. (+34) 93 827 05 78</p>
<p>&nbsp;</p>
<p>Inscrita en el Registro Mercantil de Barcelona. Volumen 32997. Página 106. Hoja B219381.<br />
CIF: B62351671.</p>
<p>&nbsp;</p>
<h2>PROTECCIÓN DE LA INFORMACIÓN</h2>
<p>La información, textos e imágenes que aparecen en la página web son de titularidad exclusiva de SEÑOR y no pueden ser utilizados con fines comerciales sin el consentimiento explícito de la empresa.</p>
<p>Del mismo modo, los signos distintivos y/o las marcas de SEÑOR, SEÑOR CLASS y SEÑOR COLECCIÓN CEREMONIA están debidamente registrados y protegidos por la legislación nacional y son de propiedad exclusiva de los titulares.[/vc_column_text][/vc_column][vc_column width=&#8221;1/6&#8243;][/vc_column][/vc_row]</p>
</div>

<p>[vc_row css_animation=&#8221;&#8221; row_type=&#8221;row&#8221; use_row_as_full_screen_section=&#8221;no&#8221; type=&#8221;full_width&#8221; angled_section=&#8221;no&#8221; text_align=&#8221;left&#8221; background_image_as_pattern=&#8221;without_pattern&#8221; css=&#8221;.vc_custom_1499854111563{margin-bottom: 60px !important;padding-top: 20px !important;padding-bottom: 20px !important;background-color: #002b44 !important;}&#8221;][vc_column][vc_column_text] PRIVACIDAD Y TÉRMINOS LEGALES [/vc_column_text][/vc_column][/vc_row][vc_row css_animation=&#8221;&#8221; row_type=&#8221;row&#8221; use_row_as_full_screen_section=&#8221;no&#8221; type=&#8221;grid&#8221; angled_section=&#8221;no&#8221; text_align=&#8221;left&#8221; background_image_as_pattern=&#8221;without_pattern&#8221; css=&#8221;.vc_custom_1499854159049{margin-bottom: 60px !important;}&#8221;][vc_column width=&#8221;1/6&#8243;][/vc_column][vc_column width=&#8221;2/3&#8243;][vc_column_text el_class=&#8221;legal&#8221;] TITULARIDAD DE LA PÁGINA WEB Cumpliendo con la Ley 34/2002,&#8230;</p>

<!-- This site is optimized with the Yoast SEO plugin v27.4 - https://yoast.com/product/yoast-seo-wordpress/ -->
<title>Privacidad y términos legales - Señor - Vestits a mida per a home</title>
<meta name="robots" content="index, follow, max-snippet:-1, max-image-preview:large, max-video-preview:-1" />
<link rel="canonical" href="https://trajessenor.com/es/privacidad-y-terminos-legales/" />
<meta property="og:locale" content="es_ES" />
<meta property="og:type" content="article" />
<meta property="og:title" content="Privacidad y términos legales - Señor - Vestits a mida per a home" />
<meta property="og:description" content="[vc_row css_animation=&#8221;&#8221; row_type=&#8221;row&#8221; use_row_as_full_screen_section=&#8221;no&#8221; type=&#8221;full_width&#8221; angled_section=&#8221;no&#8221; text_align=&#8221;left&#8221; background_image_as_pattern=&#8221;without_pattern&#8221; css=&#8221;.vc_custom_1499854111563{margin-bottom: 60px !important;padding-top: 20px !important;padding-bottom: 20px !important;background-color: #002b44 !important;}&#8221;][vc_column][vc_column_text] PRIVACIDAD Y TÉRMINOS LEGALES [/vc_column_text][/vc_column][/vc_row][vc_row css_animation=&#8221;&#8221; row_type=&#8221;row&#8221; use_row_as_full_screen_section=&#8221;no&#8221; type=&#8221;grid&#8221; angled_section=&#8221;no&#8221; text_align=&#8221;left&#8221; background_image_as_pattern=&#8221;without_pattern&#8221; css=&#8221;.vc_custom_1499854159049{margin-bottom: 60px !important;}&#8221;][vc_column width=&#8221;1/6&#8243;][/vc_column][vc_column width=&#8221;2/3&#8243;][vc_column_text el_class=&#8221;legal&#8221;] TITULARIDAD DE LA PÁGINA WEB Cumpliendo con la Ley 34/2002,..." />
<meta property="og:url" content="https://trajessenor.com/es/privacidad-y-terminos-legales/" />
<meta property="og:site_name" content="Señor - Vestits a mida per a home" />
<meta property="article:modified_time" content="2022-10-25T10:42:32+00:00" />
<meta name="twitter:card" content="summary_large_image" />
<meta name="twitter:label1" content="Tiempo de lectura" />
	<meta name="twitter:data1" content="1 minuto" />
<script type="application/ld+json" class="yoast-schema-graph">{"@context":"https:\/\/schema.org","@graph":[{"@type":"WebPage","@id":"https:\/\/trajessenor.com\/es\/privacidad-y-terminos-legales\/","url":"https:\/\/trajessenor.com\/es\/privacidad-y-terminos-legales\/","name":"Privacidad y términos legales - Señor - Vestits a mida per a home","isPartOf":{"@id":"https:\/\/trajessenor.com\/es\/#website"},"datePublished":"2017-11-16T08:02:07+00:00","dateModified":"2022-10-25T10:42:32+00:00","breadcrumb":{"@id":"https:\/\/trajessenor.com\/es\/privacidad-y-terminos-legales\/#breadcrumb"},"inLanguage":"es","potentialAction":[{"@type":"ReadAction","target":["https:\/\/trajessenor.com\/es\/privacidad-y-terminos-legales\/"]}]},{"@type":"BreadcrumbList","@id":"https:\/\/trajessenor.com\/es\/privacidad-y-terminos-legales\/#breadcrumb","itemListElement":[{"@type":"ListItem","position":1,"name":"Inici","item":"https:\/\/trajessenor.com\/es\/"},{"@type":"ListItem","position":2,"name":"Privacidad y términos legales"}]},{"@type":"WebSite","@id":"https:\/\/trajessenor.com\/es\/#website","url":"https:\/\/trajessenor.com\/es\/","name":"Señor - Vestits a mida per a home","description":"Viste a medida","publisher":{"@id":"https:\/\/trajessenor.com\/es\/#organization"},"potentialAction":[{"@type":"SearchAction","target":{"@type":"EntryPoint","urlTemplate":"https:\/\/trajessenor.com\/es\/?s={search_term_string}"},"query-input":{"@type":"PropertyValueSpecification","valueRequired":true,"valueName":"search_term_string"}}],"inLanguage":"es"},{"@type":"Organization","@id":"https:\/\/trajessenor.com\/es\/#organization","name":"Trajes Señor","url":"https:\/\/trajessenor.com\/es\/","logo":{"@type":"ImageObject","inLanguage":"es","@id":"https:\/\/trajessenor.com\/es\/#\/schema\/logo\/image\/","url":"https:\/\/trajessenor.com\/wp-content\/uploads\/2021\/01\/logo-senor-600px.jpg","contentUrl":"https:\/\/trajessenor.com\/wp-content\/uploads\/2021\/01\/logo-senor-600px.jpg","width":600,"height":304,"caption":"Trajes Señor"},"image":{"@id":"https:\/\/trajessenor.com\/es\/#\/schema\/logo\/image\/"}}]}</script>
<!-- / Yoast SEO plugin. -->

Privacidad y términos legales - Señor - Vestits a mida per a home

[vc_row css_animation=&#8221;&#8221; row_type=&#8221;row&#8221; use_row_as_full_screen_section=&#8221;no&#8221; type=&#8221;full_width&#8221; angled_section=&#8221;no&#8221; text_align=&#8221;left&#8221; background_image_as_pattern=&#8221;without_pattern&#8221; css=&#8221;.vc_custom_1499854111563{margin-bottom: 60px !important;padding-top: 20px !important;padding-bottom: 20px !important;background-color: #002b44 !important;}&#8221;][vc_column][vc_column_text] PRIVACIDAD Y TÉRMINOS LEGALES [/vc_column_text][/vc_column][/vc_row][vc_row css_animation=&#8221;&#8221; row_type=&#8221;row&#8221; use_row_as_full_screen_section=&#8221;no&#8221; type=&#8221;grid&#8221; angled_section=&#8221;no&#8221; text_align=&#8221;left&#8221; background_image_as_pattern=&#8221;without_pattern&#8221; css=&#8221;.vc_custom_1499854159049{margin-bottom: 60px !important;}&#8221;][vc_column width=&#8221;1/6&#8243;][/vc_column][vc_column width=&#8221;2/3&#8243;][vc_column_text el_class=&#8221;legal&#8221;] TITULARIDAD DE LA PÁGINA WEB Cumpliendo con la Ley 34/2002,...

Señor - Vestits a mida per a home

Trajes Señor
